 = -o**2 - 21247*o - 1967315. What is p(-93)?
7
Let j(w) = -4*w**2 - 88*w - 780. Determine j(-9).
-312
Let m(v) = 704*v + 201203. Determine m(-286).
-141
Let l(i) = -5845*i + 52530. Give l(9).
-75
Let f(i) = 6*i**2 + 1004*i - 25249. Determine f(-189).
-679
Let f(o) = o**2 + 293*o + 13650. Calculate f(-235).
20
Let h(w) = -5*w**3 + 28*w**2 + 4*w + 70. Determine h(9).
-1271
Let u(y) = 17*y**2 - 94*y - 90. What is u(-3)?
345
Let i(d) = -4286*d + 61863. Calculate i(14).
1859
Let s(o) = 1719270*o + 5157802. Calculate s(-3).
-8
Let i(n) = -n**2 + 3038*n - 90167. Determine i(30).
73
Let u(q) = -1581*q**3 - 57*q**2 + 68*q - 12. What is u(1)?
-1582
Let n(d) = d**2 - 95*d - 5620. Give n(-42).
134
Let m(l) = 218*l**2 - 58643*l + 226. What is m(269)?
-43
Let u(b) = b**2 - 85*b - 2211. Determine u(-13).
-937
Let q(f) = -f**2 + 29*f + 302. Determine q(-8).
6
Let f(s) = 88712*s + 354843. Calculate f(-4).
-5
Let n(m) = -883*m - 11550. What is n(-13)?
-71
Let p(r) = 17*r**3 + 683*r**2 + 124*r + 193. Give p(-40).
33
Let b(p) = 2*p**3 - 380*p**2 - 1216*p + 231023. Determine b(190).
-17
Let j(w) = -4*w**3 + 57*w**2 - 51*w + 449. What is j(14)?
-69
Let s(y) = -y**2 + 676*y - 5762. Give s(9).
241
Let i(c) = 6*c**3 - 2174*c**2 + 1213*c - 177025. What is i(362)?
-7
Let l(i) = 4*i**3 + 14359*i**2 - 86299*i + 6. What is l(6)?
0
Let s(m) = -4752*m + 47328. Determine s(10).
-192
Let j(o) = -47*o**3 - 88*o**2 - 278*o - 579. Give j(-2).
1
Let j(t) = -3*t**2 - 8189*t - 3856280. Determine j(-605).
-10
Let i(l) = -l**3 + 97*l**2 - 405*l - 80336. What is i(79)?
7
Let j(q) = -5*q**2 - 509*q - 11249. What is j(-32)?
-81
Let v(p) = 57423*p + 516813. Calculate v(-9).
6
Let g(y) = 91*y**2 - 337*y + 334. What is g(1)?
88
Let n(k) = 13581*k - 665164. Calculate n(49).
305
Let g(w) = 260*w + 11684. Give g(-45).
-16
Let h(b) = -2*b**2 - 119*b + 724. What is h(6)?
-62
Let r(b) = b**2 - 25*b - 58. Give r(29).
58
Let l(q) = -2782*q**2 + 19456*q + 97. What is l(7)?
-29
Let c(m) = 249*m + 4250. Give c(-17).
17
Let c(k) = -4286*k + 565857. Determine c(132).
105
Let x(w) = w**3 - 18*w**2 + 134*w + 798. Give x(-5).
-447
Let v(c) = -76*c**2 - 5699*c + 83. Give v(-75).
8
Let y(x) = x**3 + 2*x**2 + 20362*x + 101866. Give y(-5).
-19
Let l(d) = -d**2 + 17879*d + 232595. Give l(-13).
-1
Let t(q) = q**3 + 3*q**2 - 68*q + 716. Determine t(9).
1076
Let u(g) = g**3 + 111*g**2 - 781*g - 74915. Give u(-112).
13
Let c(i) = i**2 - 385897*i + 4630616. Calculate c(12).
-4
Let x(i) = -24*i + 2066. Give x(66).
482
Let o(z) = -183*z - 19276. Give o(-106).
122
Let w(y) = 77179*y + 385883. Give w(-5).
-12
Let y(a) = 17*a - 1165. Determine y(-33).
-1726
Let f(w) = -w**3 - 51*w**2 + 1959*w + 100781. What is f(-49)?
-12
Let i(m) = -204*m + 4582. Give i(25).
-518
Let z(u) = -55*u**2 - 553*u + 2776. Determine z(5).
-1364
Let k(z) = -z**3 + 57*z**2 + 72*z + 108. Determine k(58).
920
Let q(r) = -50468*r - 151417. Determine q(-3).
-13
Let t(x) = 12583*x - 8279623. Determine t(658).
-9
Let q(n) = -362*n**2 + 82*n + 236. Calculate q(-4).
-5884
Let z(r) = 10*r**3 - 160*r**2 + 32. What is z(16)?
32
Let d(j) = 31*j**2 + 1361*j + 153. Determine d(-46).
3143
Let t(p) = -1446*p + 4327. Determine t(3).
-11
Let q(c) = c**3 - 407*c**2 + 3350*c + 6. Calculate q(0).
6
Let a(d) = 20*d**3 - 185*d**2 + 203*d + 763. Determine a(7).
-21
Let l(n) = -202*n**2 + 9*n - 11. Determine l(2).
-801
Let l(m) = 2*m**2 + 25*m + 1045. Give l(-20).
1345
Let t(l) = 78983*l + 631804. Determine t(-8).
-60
Let p(i) = 5*i**3 + 44*i**2 - 36*i - 209. Calculate p(-9).
34
Let s(n) = 217*n + 23764. Calculate s(-119).
-2059
Let y(q) = 916*q + 83347. Calculate y(-91).
-9
Let i(a) = a**3 + 378*a**2 - 3055*a - 436628. Give i(-383).
-8
Let u(i) = -i**2 - 411*i - 29357. Determine u(-92).
-9
Let a(b) = b**3 - 460*b**2 + 51935*b + 1022. Give a(261).
-22
Let y(w) = -14*w**3 + 1488*w**2 - 445*w + 2229. Determine y(106).
3
Let v(g) = 79*g**2 + 21088*g - 1336. Give v(-267).
-1
Let q(t) = t**2 + 91*t - 14460. Determine q(83).
-18
Let f(z) = 1791579*z + 19707368. Determine f(-11).
-1
Let n(i) = -135*i**2 - 9452*i - 214. Calculate n(-70).
-74
Let k(w) = -6*w**2 - 5182*w - 25743. Determine k(-5).
17
Let i(o) = -o**3 + 58*o**2 - 156*o - 1754. Give i(56).
-4218
Let b(s) = 11*s**3 - 3862*s**2 + 330*s + 7402. Give b(351).
31
Let r(s) = -219*s**2 + 12298*s - 1852. What is r(56)?
52
Let g(p) = -42504*p + 42495. Calculate g(1).
-9
Let g(b) = 10*b**2 + 267*b + 1677. Calculate g(-12).
-87
Let u(k) = k**2 - 104*k + 1812. Calculate u(61).
-811
Let v(n) = -n**2 + 27*n - 440. What is v(45)?
-1250
Let c(x) = -845*x - 116661. What is c(-138)?
-51
Let r(m) = m**2 + 1189*m - 90870. Determine r(72).
-78
Let a(t) = -3*t**2 + 182*t - 190. What is a(52)?
1162
Let t(m) = -m**3 + m**2 + 787*m + 23. Give t(30).
-2467
Let h(v) = 1272*v - 301. Give h(0).
-301
Let b(l) = -l**3 + 7*l**2 - 119*l + 502. Give b(4).
74
Let w(v) = 7*v**3 + 2382*v**2 + 369*v - 105764. Give w(-340).
-24
Let s(l) = -282*l**2 - 8175*l - 27. What is s(-29)?
-114
Let l(u) = 544717*u - 9260201. Determine l(17).
-12
Let m(x) = -2*x**2 - 168975*x - 337952. What is m(-2)?
-10
Let t(l) = -38*l**2 + 53227*l + 320734. Give t(-6).
4
Let h(k) = -k**2 - 3425*k + 17089. Calculate h(5).
-61
Let x(p) = -9*p**3 - 111*p**2 - 24*p - 22. Give x(-12).
-166
Let t(u) = 14*u**3 + 7*u**2 - 183*u + 24. Calculate t(-4).
-28
Let s(p) = -p**2 + 16727*p + 100382. Determine s(-6).
-16
Let t(q) = 63669*q + 1400917. What is t(-22)?
199
Let i(w) = 1577*w**2 + 18910*w - 155. Give i(-12).
13
Let y(i) = -21697*i + 347138. Determine y(16).
-14
Let o(s) = 14*s**2 - 92*s - 597. What is o(12)?
315
Let q(t) = t**3 + 5*t**2 - 381*t + 2177. What is q(-24)?
377
Let s(k) = 7*k**2 - 192*k - 1791. What is s(-9)?
504
Let a(g) = -4*g**3 - 11*g**2 + 1682*g + 10161. Determine a(-6).
537
Let q(l) = -l**3 - 40*l**2 - 291*l - 40. Give q(-31).
332
Let r(y) = -3*y**2 - 41*y + 794. Give r(-28).
-410
Let r(t) = 4*t**2 - 60*t + 215. Determine r(10).
15
Let r(w) = 4*w**2 - 1131*w + 78840. Give r(125).
-35
Let h(p) = -19*p**2 + 808*p + 393. Determine h(43).
6
Let u(r) = -12*r**3 - 57*r**2 + 61*r + 213. Determine u(-5).
-17
Let s(r) = -r**3 + 8*r**2 - 71277*r + 855866. Give s(12).
-34
Let w(n) = 74922*n + 374612. Determine w(-5).
2
Let a(q) = 154291*q + 29623865. Calculate a(-192).
-7
Let f(x) = -1399*x - 230869. Determine f(-165).
-34
Let o(d) = -2*d**3 - 50*d**2 - 4*d - 153. Give o(-24).
-1209
Let i(p) = 246*p + 3692. What is i(-15)?
2
Let b(n) = -11*n**3 + 16942*n**2 - 3065*n - 23106. Calculate b(1540).
-6
Let s(r) = 13434*r - 147767. Give s(11).
7
Let v(s) = 7972*s - 2295936. What is v(288)?
0
Let m(x) = 9*x**2 - 490*x + 6679. Determine m(26).
23
Let m(i) = 6477*i - 162. Determine m(0).
-162
Let u(g) = 6*g**3 + 8*g**2 - 7*g - 51. Calculate u(3).
162
Let m(q) = 261*q - 39972. Give m(153).
-39
Let y(h) = 8683*h - 16750. What is y(2)?
616
Let q(o) = o**3 + 98*o**2 - 636*o - 33589. What is q(-101)?
44
Let m(i) = i**3 + 69*i**2 - 306*i + 4715. Determine m(-74).
-21
Let b(d) = 18410*d - 368201. What is b(20)?
-1
Let d(o) = -o**2 - 3921*o + 182487. Calculate d(46).
5
Let l(f) = -195*f**2 + 906*f - 110. Calculate l(6).
-1694
Let s(t) = -t**2 - 421*t - 16293. Calculate s(-56).
4147
Let s(q) = -q**2 - 79*q + 1934. What is s(19)?
72
Let x(u) = u**3 + 92*u**2 - 134*u + 5076. Give x(-94).
0
Let l(y) = -2*y**2 + 12575*y + 1057423. What is l(-83)?
-80
Let k(s) = s**3 - 70*s**2 + 969*s + 3. Determine k(19).
3
Let a(z) = -105968*z + 31048636. Determine a(293).
12
Let i(s) = -3*s**2 - 6098*s - 132701. Give i(-22).
3
Let x(y) = y**3 - 20*y**2 + 53*y - 705. Give x(21).
849
Let q(m) = 37515*m + 3076224. What is q(-82)?
-6
Let u(i) = -3*i**2 + 1753*i - 137090. What is u(93)?
-8
Let f(c) = 234*c**2 - 39*c - 6. Determine f(2).
852
Let b(o) = o**2 - 85*o - 52. Calculate b(-8).
692
Let g(j) = 362*j**2 - 7264*j - 55. What is g(21)?
7043
Let a(m) = m**2 - 941*m - 18306. Determine a(-19).
-66
Let q(n) = -6979*n + 35146. Give q(5).
251
Let b(c) = -4*c**2 + 887*c - 29166. Give b(181).
337
Let w(v) = 3053*v - 702199. Calculate w(230).
-9
Let y(d) = 1195*d + 6044. Determine y(-5).
69
Let j(g) = -37*g**2 - 792*g + 32950. Calculate j(21).
1
Let v(q) = 82*q + 10457. Give v(-129).
-121
Let x(m) = m**3 + 49*m**2 - 440*m +